.
-4
Let s(t) = -2*t**2 + t - 65. Determine s(0).
-65
Let i(f) = 8*f + 20. What is i(-2)?
4
Let g(d) = d**3 - 2*d**2 + 5*d - 5. Determine g(4).
47
Let b(k) = 2*k + 5. Calculate b(0).
5
Let g(z) = -z**3 - z**2 + 2*z - 2. What is g(0)?
-2
Let c(p) = p**3 - p**2 - p - 1. Determine c(0).
-1
Let b(d) = -54*d + 101. Give b(2).
-7
Let r(x) = -x**3 - 6*x**2 + 7. What is r(-6)?
7
Let b(w) = 2*w - 6. What is b(-5)?
-16
Let d(o) = -o**3 - 7*o**2 + 4*o - 3. What is d(-8)?
29
Let b(l) = l**2 + 10*l + 4. What is b(-6)?
-20
Let m(f) = f**2 - 13*f - 7. Determine m(14).
7
Let z(t) = 2*t**2 - 5*t - 2. What is z(4)?
10
Let l(k) = -5*k**2 + 18*k - 5. Give l(4).
-13
Let g(x) = x**3 + 7*x**2 - 7*x + 6. Calculate g(-8).
-2
Let r(v) = 2*v**2 - 68*v - 84. Give r(35).
-14
Let g(q) = -q**3 - 6*q**2 + 7*q + 5. What is g(-7)?
5
Let b(j) = -2*j**2 - 15*j + 22. Give b(-9).
-5
Let q(s) = s**3 - 7*s**2 - 9*s + 4. Determine q(8).
-4
Let m(u) = u**2 - 5*u - 10. Calculate m(-4).
26
Let h(x) = x + 17. Give h(-25).
-8
Let l(f) = -11*f + 47. What is l(4)?
3
Let a(w) = 44*w + 309. What is a(-7)?
1
Let h(u) = 16*u**3 + 2*u**2 - u. Give h(1).
17
Let u(d) = d**3 - 9*d**2 - 6*d + 2. Give u(10).
42
Let j(s) = s**3 - 4*s**2 - 6*s + 9. Calculate j(4).
-15
Let z(l) = -l**3 - l**2 + l + 3. Give z(2).
-7
Let f(b) = 10*b**3 + b. Calculate f(-1).
-11
Let n(i) = -2*i**2 + 2*i + 47. Give n(7).
-37
Let r(p) = -p**3 + 4*p**2 - p - 4. Calculate r(3).
2
Let s(j) = -j**3 + 23*j**2 + 4*j - 73. Calculate s(23).
19
Let s(h) = -h**2 + 4. Give s(-4).
-12
Let j(u) = 46*u + 179. Determine j(-6).
-97
Let h(v) = -v**2 - 2*v + 6. Calculate h(4).
-18
Let y(g) = g**3 - 9*g - 7. What is y(4)?
21
Let u(j) = 26*j - 142. Determine u(5).
-12
Let i(c) = -c**2 - 19*c - 1. Calculate i(-18).
17
Let v(f) = f**2 + 21*f + 106. Determine v(-11).
-4
Let u(l) = -l**2 + 3*l + 6. What is u(-6)?
-48
Let w(o) = -o**3 - 11*o**2 + 2. Give w(-11).
2
Let i(z) = 14*z + 5. Give i(-1).
-9
Let q(y) = -y**3 + 14*y**2 - 47*y - 11. Determine q(7).
3
Let u(f) = 6*f - 44. What is u(6)?
-8
Let b(d) = d**3 - 4*d**2 + d + 4. What is b(4)?
8
Let c(r) = -2*r**2 - 37*r - 66. What is c(-17)?
-15
Let h(q) = q**3 + 6*q**2 - 12*q - 7. Give h(-6).
65
Let s(k) = k**3 + 6*k**2 + 3*k - 1. What is s(-6)?
-19
Let v(z) = 16*z + 7. Give v(-2).
-25
Let q(k) = -k**2 + 12*k - 16. Give q(11).
-5
Let d(i) = -5*i - 4. Determine d(-10).
46
Let a(o) = -o**2 - 41*o - 48. Determine a(-40).
-8
Let x(s) = s**3 - 18*s**2 - 19*s - 20. Determine x(19).
-20
Let q(c) = -c**2 - 25*c - 150. Determine q(-12).
6
Let i(r) = r**3 - 2*r**2 - 45. What is i(0)?
-45
Let m(f) = 8*f - 21. Determine m(6).
27
Let p(c) = -c**2 - 31*c - 85. Determine p(-27).
23
Let r(z) = 2*z**2 - 27*z + 3. What is r(13)?
-10
Let v(w) = w**3 - 20*w**2 + 22*w - 11. What is v(19)?
46
Let g(n) = n**2 - 33*n - 237. Give g(-6).
-3
Let i(w) = 2*w**2 - w. What is i(3)?
15
Let o(n) = n**3 + 8*n**2 + 7*n + 2. Determine o(-7).
2
Let v(k) = -3*k + 68. Determine v(27).
-13
Let l(f) = -f**3 + 12*f**2 - 18*f + 49. What is l(10)?
69
Let c(y) = 9*y - 65. Give c(6).
-11
Let h(m) = m + 8. Determine h(3).
11
Let s(n) = -14*n + 255. Give s(18).
3
Let f(r) = 3*r**2 + 5*r + 7. Calculate f(-2).
9
Let c(q) = q**3 - 5*q**2 - 17*q + 3. Give c(-3).
-18
Let z(v) = 2*v**2 + 4*v + 9. What is z(-4)?
25
Let c(n) = 241*n - 970. Give c(4).
-6
Let l(h) = -h**3 + 14*h**2 - 15*h + 29. Calculate l(13).
3
Let t(x) = x**2 + 2*x + 3. What is t(7)?
66
Let c(g) = 2*g + 5. Determine c(-5).
-5
Let f(d) = d**3 - 8*d**2 - 9. Determine f(8).
-9
Let g(j) = 2*j - 13. What is g(9)?
5
Let a(r) = -r**3 + 21*r**2 - 11*r - 188. Determine a(20).
-8
Let s(y) = y**3 + 5*y**2 - 20*y + 27. Calculate s(-8).
-5
Let r(y) = 3*y + 12. Calculate r(-5).
-3
Let r(p) = -p**3 + p**2 + 10*p - 14. Determine r(4).
-22
Let z(g) = g**2 - g - 26. Give z(10).
64
Let b(x) = -x**3 + 9*x**2 + x - 4. Calculate b(9).
5
Let n(y) = -y + 2. What is n(-11)?
13
Let s(h) = 4*h**3 - h**2 + h + 2. What is s(-2)?
-36
Let u(d) = -2*d**2 - 7*d - 7. Determine u(-6).
-37
Let v(d) = d**3 - 9*d**2 - 20*d - 22. Give v(11).
0
Let o(t) = -t**2 + 4*t - 3. Calculate o(3).
0
Let x(g) = -g**2 + 13*g + 37. What is x(16)?
-11
Let v(c) = -c**2 - c + 2. What is v(-4)?
-10
Let z(t) = -t**3 + 23*t**2 + 77*t + 27. Give z(26).
1
Let n(t) = -2*t**2 - 2*t + 2. What is n(-2)?
-2
Let n(s) = 27*s - 133. Determine n(5).
2
Let c(q) = 77*q**2 + q + 2. What is c(-1)?
78
Let y(s) = -s**2 + 7*s + 7. Calculate y(7).
7
Let f(n) = -3*n - 8. Calculate f(5).
-23
Let a(b) = -b**2 - 9*b - 9. Give a(-5).
11
Let y(h) = 3*h**3 + 71*h**2 - 26*h - 49. Calculate y(-24).
-1
Let t(g) = -g**3 - 4*g**2 + 10*g + 6. Determine t(-5).
-19
Let j(n) = -n**3 - 10*n**2 - 10*n - 5. Give j(-9).
4
Let l(y) = 4*y**2 + 5*y - 3. Determine l(-1).
-4
Let d(c) = 2*c + 4. What is d(-4)?
-4
Let f(w) = w**2 + 18*w - 15. Determine f(-9).
-96
Let p(c) = -c**3 - 9*c**2 + 36*c - 4. Determine p(-12).
-4
Let u(a) = -4*a**2 - 139*a + 27. Give u(-35).
-8
Let s(x) = 36*x + 483. Give s(-13).
15
Let h(r) = -r**2 + 3*r - 3. Give h(2).
-1
Let j(k) = 4*k - 2. Give j(-6).
-26
Let v(x) = 10*x**2 + 201*x + 10. What is v(-20)?
-10
Let t(h) = h**3 + 3*h**2 + 8*h + 4. Give t(-2).
-8
Let o(k) = -3*k**2 + 24*k - 5. Calculate o(10).
-65
Let w(n) = 3*n**3 + 2*n**2 - n - 2. Calculate w(-1).
-2
Let j(p) = 26*p - 625. Determine j(24).
-1
Let h(l) = -10*l + 3. Determine h(-1).
13
Let k(n) = -5*n + 7. What is k(-11)?
62
Let u(k) = -3*k + 23. Calculate u(8).
-1
Let x(y) = -y**2 + 8*y - 9. What is x(5)?
6
Let k(a) = 5*a + 17. Calculate k(-14).
-53
Let s(q) = -3*q**2 - 4*q - 4. Determine s(-1).
-3
Let c(j) = 57*j + 284. Give c(-5).
-1
Let i(k) = -7*k - 5. What is i(-4)?
23
Let g(m) = -m**3 - 8*m**2 + 3. Determine g(-7).
-46
Let y(l) = -l**3 - 5*l**2 - 9*l - 11. Give y(-6).
79
Let c(w) = -w**3 - 22*w**2 - 26*w - 51. Give c(-21).
54
Let q(b) = -b**2 - 43*b - 73. Calculate q(-41).
9
Let v(j) = j**3 - 12*j**2 + j + 4. Give v(12).
16
Let c(g) = -2*g**2 + 1. Calculate c(3).
-17
Let t(b) = -b**2 + 36. Give t(0).
36
Let u(m) = -m**2 - 5*m + 10. Calculate u(-6).
4
Let l(n) = 10*n**3 - 3*n**2 - 3*n - 1. Calculate l(-2).
-87
Let a(y) = y**2 + 32*y + 238. What is a(-15)?
-17
Let l(o) = -o**3 + 18*o**2 + 18*o + 10. What is l(19)?
-9
Let t(g) = 28*g - 4. Determine t(-2).
-60
Let r(i) = -i**3 - 19*i**2 - 87*i + 36. What is r(-10)?
6
Let q(g) = -g**2 - 5*g - 10. What is q(0)?
-10
Let i(j) = j**2 - 8*j - 6. Calculate i(7).
-13
Let m(f) = 2*f + 58. What is m(-24)?
10
Let h(j) = -j**2 + 7*j + 13. Give h(14).
-85
Let j(y) = y - 13. Calculate j(-11).
-24
Let v(q) = -20*q - 1. Determine v(4).
-81
Let n(f) = f**3 + 10*f**2 - 3. What is n(-10)?
-3
Let b(p) = -2*p + 1. Determine b(3).
-5
Let u(w) = w**3 - 25*w**2 + 45*w + 30. Determine u(23).
7
Let b(f) = f**2 - 10*f - 11. Determine b(10).
-11
Let h(y) = -2*y - 104. Determine h(-48).
-8
Let a(g) = g**3 - 7*g**2 - 8*g - 18. Give a(8).
-18
Let y(x) = x - 19. What is y(6)?
-13
Let b(u) = u**2 + 4*u - 3. Determine b(-4).
-3
Let p(o) = 3*o**2 + 52*o + 201. Give p(-5).
16
Let h(b) = b**3 - 7*b**2 - 142*b - 11. Determine h(-9).
-29
Let u(x) = 2*x**2 + 3*x - 16. Determine u(-4).
4
Let g(r) = r**2 - 25*r + 140. Give g(6).
26
Let j(q) = q**3 + 25*q**2 - 26*q - 51. Determine j(-26).
-51
Let c(m) = 4*m + 3. Calculate c(-1).
-1
Let r(t) = t**3 + 13*t**2 + 10*t - 24. Calculate r(-12).
0
Let n(z) = z**3 - 9*z**2 - 3*z + 25. Calculate n(9).
-2
Let p(l) = -l**2 - 15*l - 18. Calculate p(-15).
-18
Let p(u) = 3*u**3 - 10*u**2 + 4*u + 9. What is p(3)?
12
Let y(s) = -s**2 + 10*s + 70. Determine y(-5).
-5
Let d(g) = -30*g - 9. Calculate d(-4).
111
Let n(j) = -j - 4. What is n(6)?
-10
Let o(g) = -2*g - 49. Calculate o(-19).
-11
Let m(l) = -2*l - 6. What is m(-2)?
-2
Let o(f) = -f**2 + 13*f - 36. What is o(4)?
0
Let j(t) = -t**3 - 37*t**2 + 2*t + 77. Give j(-37).
3
Let k(t) = -3*t**3 + 36*t**2 + t - 7. Calculate k(12).
5
Let i(j) = -4*j**3 + 3*j**2 + 2*j + 2. Give i(-2).
42
Let c(s) = s**3 - 2*s**2 + 6*s + 2. Give c(-4).
-118
Let m(n) = n**3 - 5*n**2 + 5*n + 7. Give m(3).
4
Let z(t) = -t**2 - 16*t + 5. What is z(-16)?
5
Let x(a) = a**2 - 5*a - 40. Give x(9).
-4
Let p(i) = -i**3 + 4*i**2 - 4*i + 1. Calculate p(2).
1
Let b(j) = -4*j**2 - 51*j + 3. Determine b(-13).
-10
Let q(c) = -c + 10. Calcul